54 and f.
27
Let t = 167 + -114. Let d = t + -17. Suppose 0 = -0*u + 5*u - 20. Calculate the highest common factor of u and d.
4
Let n be 50/6 + 1/(-3). Let b be ((-14)/n)/(4/(-16)). Calculate the greatest common divisor of 1 and b.
1
Let s be 384/15 + -1 + 3/(-5). Calculate the greatest common divisor of 12 and s.
12
Suppose -j + 0 + 1 = 0. Let c be j + 16 + 3*1. Calculate the highest common divisor of 5 and c.
5
Let t be 2*5 - (5 + -3). Calculate the highest common divisor of 16 and t.
8
Let b be 10/(-4)*(-8)/10. Let w = -30 - -59. Suppose 3*s + 5 - w = 0. Calculate the greatest common factor of s and b.
2
Let m be -1 - (2 - (-60)/(-2)). Let r be (9/5)/(45/75). What is the greatest common divisor of r and m?
3
Let y(i) = i + 6. Let q be y(-5). Let f = 9 + q. Calculate the highest common divisor of f and 2.
2
Suppose 19*a - 18*a - 29 = 0. What is the greatest common divisor of a and 145?
29
Let x = 72 + -43. Suppose -5*r + x = -41. What is the greatest common factor of 84 and r?
14
Let h be (-2 + 0)*(-1)/(-2). Let r be -10*(-3 + (h - -1)). Calculate the highest common divisor of 5 and r.
5
Let k be (-1 - -2) + -4 - (3 + -71). Calculate the highest common factor of 26 and k.
13
Suppose 17*u = 15*u + 52. Calculate the greatest common divisor of 26 and u.
26
Let z = -16 + 46. Suppose 5*v - 2*j - 44 = -0*j, 5*j + 26 = 2*v. Suppose v = -2*c + z. Calculate the highest common divisor of c and 33.
11
Suppose 0 = f - j + 23 - 86, -4*f + 247 = -5*j. What is the greatest common factor of 17 and f?
17
Let x be (-11)/(77/2) - (-9)/7. Calculate the greatest common divisor of x and 3.
1
Suppose -3*r - 2*r = -45. Let q = r - 12. Let m be (q - -6)*4/6. Calculate the highest common divisor of 14 and m.
2
Let t be (-8 - -2)/(21/(-224)). Calculate the greatest common divisor of 8 and t.
8
Suppose 4*c - 38 = -m, -m - c = -3*c - 26. Let s = -174 + 247. Let y be -2*(-3)/3 + s. Calculate the highest common factor of y and m.
15
Let b be -8*(-1 + (-3 - -3)). Suppose -3*w = -2*u + u - 4, -2*w = 3*u + 1. What is the greatest common divisor of w and b?
1
Let s = 77 - 57. What is the highest common factor of 80 and s?
20
Let u = 3 + -6. Let q be (11/u)/(8/(-24)). What is the highest common factor of q and 33?
11
Let y be 18*6*1/4. Let q = 226 - 208. What is the highest common factor of q and y?
9
Let z be 16/6 + (-2)/(-6). Let h be 2*z + -12 + 9. Suppose h*j = 4*j + 5*o - 8, -3*j = 4*o - 46. Calculate the greatest common divisor of 162 and j.
18
Let m = 218 + -113. Let p be 7*1 - 1 - 1. Suppose -2*t - p*o = -45, 3*o = 2*t + o - 24. Calculate the highest common factor of m and t.
15
Let u(w) = 2*w**2 + 7*w + 6. Let p be u(-5). Calculate the highest common divisor of 147 and p.
21
Let h = -72 + 88. What is the highest common factor of 4 and h?
4
Suppose -4*s - h - 2 + 28 = 0, 3*h = -2*s + 18. Calculate the greatest common divisor of s and 6.
6
Let t(n) = 2*n**3 + 1. Let g be t(1). Suppose -g*h + 2*h + 2 = 0. Suppose 0 = -2*k - h*k + 48. What is the greatest common divisor of 108 and k?
12
Let y be 4/(3/(6/4)). Suppose g + 171 = 4*g + y*a, 5*g + 4*a - 287 = 0. What is the highest common divisor of 22 and g?
11
Suppose -5*o - 5*t + 170 = 0, 3*o - 110 = -2*t - 3*t. What is the highest common divisor of o and 10?
10
Let j = 525 + -510. Suppose 4*n + 4*g - 325 = 9*n, 4*g - 260 = 4*n. Let b = n + 230. Calculate the greatest common divisor of b and j.
15
Let d be -27*((3 - -1) + -3). Let a(u) = u**3 - 6*u**2 - 6*u + 1. Let b be a(4). Let i = d - b. What is the highest common factor of 70 and i?
14
Let h(c) = 15*c**2 + 3*c + 1. Let l be h(-2). Suppose -15 = 5*v - l. What is the highest common factor of v and 2?
2
Suppose 3*m = 10*m - 77. What is the greatest common factor of m and 55?
11
Suppose -3*y = -t - 58, 3*y - 22 = -3*t + 20. Let c = 9 - 7. What is the greatest common factor of y and c?
2
Let o(a) = 4*a**2 + 2. Let z(k) be the first derivative of k**2/2 - k + 2. Let v be z(-1). Let p be o(v). What is the greatest common divisor of 45 and p?
9
Suppose 4 = t + 1. Suppose -2*i = i - t. What is the highest common factor of i and 9?
1
Let m be (-8)/12*36/(-2). Let f = 58 + 62. Calculate the highest common factor of f and m.
12
Let a(f) = f + 7. Let q be a(3). Let d(t) = 8*t. Let w be d(5). Suppose 3*b = -4*n + w, -n = 4*b - 5*n - 100. Calculate the greatest common divisor of q and b.
10
Let n = -9 + 3. Suppose 3*g - 25 = 2. Let x be (g*-1)/(n/8). Calculate the highest common factor of 6 and x.
6
Let v = 1 + 2. Let m be v/((-5)/(50/3)). Let b be (1 - 22/4)*m. What is the greatest common divisor of 18 and b?
9
Let w(h) = -3*h - 3 + 4*h + 4 - 2. Let l be w(7). Suppose -5*u = -4*t + 28, -t + 2*u + 18 = 4*t. What is the highest common divisor of l and t?
2
Let j = -56 + 96. Calculate the highest common factor of 16 and j.
8
Let j(z) = -29*z - 4. Let a be j(-1). Calculate the greatest common divisor of a and 25.
25
Let a = 2 + 17. Suppose -5*t - 4*b = -200, -5*t + 4*b + a = -221. What is the greatest common factor of 4 and t?
4
Let s = -166 + 431. Let m be s/20 + 2/(-8). Calculate the highest common factor of m and 39.
13
Let w(m) = -4*m. Let d be w(1). Let y be -1 + (-6)/(-3) - d. Suppose y*s - 5 = 25. Calculate the greatest common factor of 6 and s.
6
Suppose 0 = 5*m - 2*j - 96, 3*m + 98 = 8*m - j. Suppose 2*i - 1008 = -5*b, b + 3*i - 130 = 82. Calculate the greatest common divisor of b and m.
20
Let u(v) = v + 9. Let g be u(-5). Let d = 15 - g. What is the highest common factor of 11 and d?
11
Let x be 62/12 - 2/12. Suppose -x*m + 2*m + 117 = 0. What is the greatest common factor of m and 13?
13
Let o(x) = -29*x**3 - 2*x**2 + x - 2. Let j be o(-2). Let i be (-2*1 + -20)/(-1). What is the highest common factor of i and j?
22
Suppose -20 = x - 3*x. Suppose -2*w + x = -0. Suppose -5*t - 20 = 0, 0 = -2*j - 0*j - 5*t - 18. Calculate the greatest common factor of j and w.
1
Suppose -j - a - 33 = -2*j, 0 = -2*j - 2*a + 62. Let h = 49 + -33. What is the highest common divisor of j and h?
16
Let a = 17 + -9. Let l = a - 0. Let r(d) = -d - 6. Let g be r(-7). Calculate the greatest common factor of l and g.
1
Let r be (-4)/6 - 3200/60. Suppose 2*i = -5*v - 3*i - 195, 158 = -4*v - 5*i. Let x = v - r. Calculate the highest common divisor of x and 51.
17
Let s = -14 - 0. Let o be (-6)/(-9) + s/(-6). Let y be 2/(o/9*3). Calculate the greatest common divisor of 8 and y.
2
Suppose -5*t + t = -240. Let c(x) = 3*x**2 - 8. Let g be c(4). Calculate the highest common factor of t and g.
20
Let m be (-1)/(0 + (-1)/2). Suppose -m*j + 0 = -8. Suppose -d - 4*y + 10 = -17, -j*d - 4*y = -132. Calculate the highest common factor of 14 and d.
7
Let r(y) = -y**2 - 3 - 3*y + 3*y + 3*y. Let v be r(2). Let q = 4 + v. Calculate the highest common factor of q and 9.
3
Suppose -5*u + 5*n = 51 + 869, 3*u + 549 = 4*n. Let p = -123 - u. Calculate the greatest common factor of 8 and p.
8
Let k(o) = 3*o - 12. Let b be k(6). Let v = -2 + b. Calculate the greatest common divisor of 6 and v.
2
Suppose 54 = 2*k + 2*v, -2*v - 13 + 113 = 4*k. Calculate the greatest common divisor of k and 184.
23
Suppose 4*z - 7 = s, s = 5*z - 4 - 5. Let u = s - 0. What is the greatest common divisor of u and 2?
1
Let m(a) = -a**2 - 3*a + 2. Let l be m(-4). Let y be (-2)/4*16/l. Calculate the highest common factor of 10 and y.
2
Suppose 2*y - 1 = 7. Suppose -y*f + 85 + 43 = 0. Let l = 18 + -2. Calculate the highest common factor of f and l.
16
Suppose 0 = 2*a - 4*c - 44, 3*a - 3*c = -6*c + 102. Suppose -4*w + 49 = r, -2*w - 5*r + 65 = 3*w. Calculate the greatest common divisor of w and a.
6
Let x = 10 - -14. Suppose -5*j = 5*a - 14 + 4, -3*j - 4*a + 2 = 0. Calculate the greatest common factor of j and x.
6
Suppose m - 4 = -0*m. Suppose 9 = f - 7. What is the greatest common factor of f and m?
4
Let d = 341 - 107. What is the greatest common factor of d and 26?
26
Let z(c) = -9*c**3 + 3*c**2 - 2*c. Let j be z(2). Let d = j + -1. Let v be (-2)/8 - d/4. What is the highest common factor of 40 and v?
8
Let a(o) = -o**2 + 5*o**2 + 2*o**2. Let p be a(2). Let h(b) = -b**2 + 3*b + 12. Let l be h(0). Calculate the greatest common factor of l and p.
12
Suppose 0 = -4*m + 20 + 4. What is the greatest common divisor of 15 and m?
3
Let s = 7 + -17. Let 